{"id":314,"date":"2026-04-03T14:32:17","date_gmt":"2026-04-03T14:32:17","guid":{"rendered":"https:\/\/strange-khorana.92-222-230-143.plesk.page\/?page_id=314"},"modified":"2026-04-20T15:43:39","modified_gmt":"2026-04-20T15:43:39","slug":"a-propos","status":"publish","type":"page","link":"https:\/\/floscel-aubert-sculptures.fr\/index.php\/a-propos\/","title":{"rendered":"Qui suis-je"},"content":{"rendered":"<div class=\"et_pb_section_0 et_pb_section et_section_regular et_flex_section et_pb_section_parallax\"><span class=\"et-pb-parallax-wrapper\"><span class=\"et-pb-parallax-background et-pb-parallax-background--css et-pb-parallax-background-module--divi-section-0 et_parallax_bg_phone_exist\" style=\"background-image:url(https:\/\/floscel-aubert-sculptures.fr\/wp-content\/uploads\/2026\/04\/floscel2.jpg)\"><\/span><span class=\"et_parallax_gradient et_pb_parallax_css et_parallax_gradient_phone_exist\" style=\"background-image:linear-gradient(0deg, rgba(0, 0, 0, 0.68) 0%,rgba(0, 0, 0, 0.02) 100%)\"><\/span><\/span><span class=\"et-pb-parallax-wrapper\"><span class=\"et-pb-parallax-background et-pb-parallax-background--css et-pb-parallax-background_phone et-pb-parallax-background_phone-module--divi-section-0\" style=\"background-image:url(https:\/\/floscel-aubert-sculptures.fr\/wp-content\/uploads\/2026\/04\/floscel2.jpg)\"><\/span><span class=\"et_parallax_gradient et_parallax_gradient_phone et_pb_parallax_css\" style=\"background-image:linear-gradient(0deg, rgba(0, 0, 0, 0.68) 0%,rgba(0, 0, 0, 0.02) 100%)\"><\/span><\/span>\n<div class=\"et_pb_row_0 et_pb_row et_flex_row\">\n<div class=\"et_pb_column_0 et_pb_column et-last-child et_flex_column et_pb_css_mix_blend_mode_passthrough et_flex_column_24_24 et_flex_column_24_24_tablet et_flex_column_24_24_phone\">\n<div class=\"et_pb_text_0 et_pb_text et_pb_bg_layout_dark et_pb_module et_flex_module\"><div class=\"et_pb_text_inner\"><p data-start=\"62\" data-end=\"272\"><strong data-start=\"62\" data-end=\"136\">Floscel Aubert est n\u00e9 \u00e0 Coutances (Normandie, France) le 30 mars 1966.<\/strong><br data-start=\"136\" data-end=\"139\" \/>Son p\u00e8re, pionnier dans l\u2019organisation de voyages sur mesure d\u00e8s les ann\u00e9es 50, l\u2019a emmen\u00e9 parcourir le monde d\u00e8s son plus jeune \u00e2ge.<\/p>\n<p data-start=\"274\" data-end=\"445\">Il n\u2019est donc pas surprenant qu\u2019au fil du temps, il se soit passionn\u00e9 pour les cultures \u00e9trang\u00e8res et les langues, les arts culinaires, l\u2019architecture et l\u2019art en g\u00e9n\u00e9ral.<\/p>\n<p data-start=\"447\" data-end=\"570\">Floscel Aubert reprend l\u2019agence de voyages familiale en 1990 et emm\u00e8ne ses clients professionnels hors des sentiers battus.<\/p>\n<p data-start=\"572\" data-end=\"776\">Lors de l\u2019\u00e9pid\u00e9mie de COVID, les voyages deviennent impossibles. Il faut alors s\u2019occuper l\u2019esprit. C\u2019est \u00e0 ce moment-l\u00e0 que lui vient l\u2019envie de r\u00e9aliser des sculptures fortement inspir\u00e9es de ses voyages.<\/p>\n<p data-start=\"778\" data-end=\"1008\">La mati\u00e8re premi\u00e8re utilis\u00e9e est le b\u00e9ton cellulaire, qui a la particularit\u00e9 d\u2019\u00eatre tr\u00e8s l\u00e9ger. Il commence par sculpter des Moa\u00ef (reproductions des statues monumentales de l\u2019\u00cele de P\u00e2ques), peints aux couleurs de l\u2019art aborig\u00e8ne.<\/p>\n<p data-start=\"1010\" data-end=\"1108\" data-is-last-node=\"\" data-is-only-node=\"\"><strong data-start=\"1010\" data-end=\"1108\" data-is-last-node=\"\">Vous d\u00e9couvrirez son univers peupl\u00e9 de sculptures inspir\u00e9es de ses voyages \u00e0 travers le monde.<\/strong><\/p>\n<\/div><\/div>\n<\/div>\n<\/div>\n<\/div>\n\n<div class=\"et_pb_section_1 et_pb_section et_section_regular et_flex_section\">\n<div class=\"et_pb_row_1 et_pb_row et_flex_row\">\n<div class=\"et_pb_column_1 et_pb_column et-last-child et_flex_column et_pb_css_mix_blend_mode_passthrough et_flex_column_24_24 et_flex_column_24_24_tablet et_flex_column_24_24_phone\">\n<div class=\"et_pb_text_1 et_pb_text et_pb_bg_layout_light et_pb_module et_flex_module\"><div class=\"et_pb_text_inner\"><h2>INSPIRATIONS<\/h2>\n<p>Voyages, cultures du monde, art aborig\u00e8ne, architecture\u2026<br data-start=\"480\" data-end=\"483\" \/>Chaque sculpture est le reflet d\u2019un souvenir, d\u2019une rencontre ou d\u2019une \u00e9motion.<\/p>\n<\/div><\/div>\n<\/div>\n<\/div>\n\n<div class=\"et_pb_row_2 et_pb_row et_flex_row\">\n<div class=\"et_pb_column_2 et_pb_column et_flex_column et_pb_css_mix_blend_mode_passthrough et_flex_column_8_24 et_flex_column_8_24_tablet et_flex_column_24_24_phone\">\n<div class=\"et_pb_image_0 et_pb_image et_pb_module et_flex_module\"><span class=\"et_pb_image_wrap\"><img loading=\"lazy\" decoding=\"async\" src=\"https:\/\/floscel-aubert-sculptures.fr\/wp-content\/uploads\/2026\/04\/Design-sans-titre9.png\" title=\"Design sans titre(9)\" width=\"1000\" height=\"1000\" srcset=\"https:\/\/floscel-aubert-sculptures.fr\/wp-content\/uploads\/2026\/04\/Design-sans-titre9.png 1000w, https:\/\/floscel-aubert-sculptures.fr\/wp-content\/uploads\/2026\/04\/Design-sans-titre9-980x980.png 980w, https:\/\/floscel-aubert-sculptures.fr\/wp-content\/uploads\/2026\/04\/Design-sans-titre9-480x480.png 480w\" sizes=\"(min-width: 0px) and (max-width: 480px) 480px, (min-width: 481px) and (max-width: 980px) 980px, (min-width: 981px) 1000px, 100vw\" class=\"wp-image-295\" \/><\/span><\/div>\n\n<div class=\"et_pb_text_2 et_pb_text et_pb_bg_layout_light et_pb_module et_flex_module\"><div class=\"et_pb_text_inner\"><p>\" Queen Pepita \"<\/p>\n<\/div><\/div>\n<\/div>\n\n<div class=\"et_pb_column_3 et_pb_column et_flex_column et_pb_css_mix_blend_mode_passthrough et_flex_column_8_24 et_flex_column_8_24_tablet et_flex_column_24_24_phone\">\n<div class=\"et_pb_image_1 et_pb_image et_pb_module et_flex_module\"><span class=\"et_pb_image_wrap\"><img loading=\"lazy\" decoding=\"async\" src=\"https:\/\/floscel-aubert-sculptures.fr\/wp-content\/uploads\/2026\/04\/adr4.png\" title=\"adr(4)\" width=\"1000\" height=\"1000\" srcset=\"https:\/\/floscel-aubert-sculptures.fr\/wp-content\/uploads\/2026\/04\/adr4.png 1000w, https:\/\/floscel-aubert-sculptures.fr\/wp-content\/uploads\/2026\/04\/adr4-980x980.png 980w, https:\/\/floscel-aubert-sculptures.fr\/wp-content\/uploads\/2026\/04\/adr4-480x480.png 480w\" sizes=\"(min-width: 0px) and (max-width: 480px) 480px, (min-width: 481px) and (max-width: 980px) 980px, (min-width: 981px) 1000px, 100vw\" class=\"wp-image-506\" \/><\/span>\n<div class=\"et_pb_text_3 et_pb_text et_pb_bg_layout_light et_pb_module et_flex_module\"><div class=\"et_pb_text_inner\"><p>\" 4 regards \"<\/p>\n<\/div><\/div>\n<\/div>\n<\/div>\n\n<div class=\"et_pb_column_4 et_pb_column et-last-child et_flex_column et_pb_css_mix_blend_mode_passthrough et_flex_column_8_24 et_flex_column_8_24_tablet et_flex_column_24_24_phone\">\n<div class=\"et_pb_image_2 et_pb_image et_pb_module et_flex_module\"><span class=\"et_pb_image_wrap\"><img loading=\"lazy\" decoding=\"async\" src=\"https:\/\/floscel-aubert-sculptures.fr\/wp-content\/uploads\/2026\/04\/adr3.png\" title=\"adr(3)\" width=\"1000\" height=\"1000\" srcset=\"https:\/\/floscel-aubert-sculptures.fr\/wp-content\/uploads\/2026\/04\/adr3.png 1000w, https:\/\/floscel-aubert-sculptures.fr\/wp-content\/uploads\/2026\/04\/adr3-980x980.png 980w, https:\/\/floscel-aubert-sculptures.fr\/wp-content\/uploads\/2026\/04\/adr3-480x480.png 480w\" sizes=\"(min-width: 0px) and (max-width: 480px) 480px, (min-width: 481px) and (max-width: 980px) 980px, (min-width: 981px) 1000px, 100vw\" class=\"wp-image-508\" \/><\/span><\/div>\n\n<div class=\"et_pb_text_4 et_pb_text et_pb_bg_layout_light et_pb_module et_flex_module\"><div class=\"et_pb_text_inner\"><p>\" Bois moi \"<\/p>\n<\/div><\/div>\n<\/div>\n<\/div>\n<\/div>\n\n<div class=\"et_pb_section_2 et_pb_section et_section_regular et_flex_section et_pb_section_parallax section_has_divider et_pb_top_divider et_pb_bottom_divider\"><div class=\"et_pb_top_inside_divider et-no-transition\"><\/div><span class=\"et-pb-parallax-wrapper\"><span class=\"et-pb-parallax-background et-pb-parallax-background--css et-pb-parallax-background-module--divi-section-2\" style=\"background-image:url(https:\/\/floscel-aubert-sculptures.fr\/wp-content\/uploads\/2026\/04\/Floscel-Aubert-5.jpg)\"><\/span><\/span><div class=\"et_pb_bottom_inside_divider et-no-transition\"><\/div><\/div>\n\n<div class=\"et_pb_section_3 et_pb_section et_section_regular et_flex_section\">\n<div class=\"et_pb_row_3 et_pb_row et_flex_row\">\n<div class=\"et_pb_column_5 et_pb_column et_flex_column et_pb_css_mix_blend_mode_passthrough et_flex_column_12_24 et_flex_column_12_24_tablet et_flex_column_24_24_phone\">\n<div class=\"et_pb_text_5 et_pb_text et_pb_bg_layout_light et_pb_module et_flex_module\"><div class=\"et_pb_text_inner\"><h2>LE MAT\u00c9RIAU<\/h2>\n<p>Le b\u00e9ton cellulaire est un mat\u00e9riau l\u00e9ger qui permet une grande libert\u00e9 de cr\u00e9ation.<br data-start=\"976\" data-end=\"979\" \/>Il offre \u00e0 chaque sculpture une structure a\u00e9rienne tout en conservant une forte pr\u00e9sence visuelle.<\/p>\n<\/div><\/div>\n<\/div>\n\n<div class=\"et_pb_column_6 et_pb_column et-last-child et_flex_column et_pb_css_mix_blend_mode_passthrough et_flex_column_12_24 et_flex_column_12_24_tablet et_flex_column_24_24_phone\">\n<div class=\"et_pb_image_3 et_pb_image et_pb_module et_flex_module\"><span class=\"et_pb_image_wrap\"><img loading=\"lazy\" decoding=\"async\" src=\"https:\/\/floscel-aubert-sculptures.fr\/wp-content\/uploads\/2026\/04\/adr5.png\" title=\"adr(5)\" width=\"1000\" height=\"1000\" srcset=\"https:\/\/floscel-aubert-sculptures.fr\/wp-content\/uploads\/2026\/04\/adr5.png 1000w, https:\/\/floscel-aubert-sculptures.fr\/wp-content\/uploads\/2026\/04\/adr5-980x980.png 980w, https:\/\/floscel-aubert-sculptures.fr\/wp-content\/uploads\/2026\/04\/adr5-480x480.png 480w\" sizes=\"(min-width: 0px) and (max-width: 480px) 480px, (min-width: 481px) and (max-width: 980px) 980px, (min-width: 981px) 1000px, 100vw\" class=\"wp-image-540\" \/><\/span><\/div>\n<\/div>\n<\/div>\n<\/div>\n\n<div class=\"et_pb_section_4 et_pb_section et_section_regular et_flex_section et_pb_section_parallax section_has_divider et_pb_top_divider et_pb_bottom_divider\"><div class=\"et_pb_top_inside_divider et-no-transition\"><\/div><span class=\"et-pb-parallax-wrapper\"><span class=\"et-pb-parallax-background et-pb-parallax-background--css et-pb-parallax-background-module--divi-section-4\" style=\"background-image:url(https:\/\/floscel-aubert-sculptures.fr\/wp-content\/uploads\/2026\/04\/bacg-noir-rotated.jpeg);background-color:rgba(0, 0, 0, 0.63);background-blend-mode:overlay\"><\/span><\/span>\n<div class=\"et_pb_row_4 et_pb_row et_flex_row\">\n<div class=\"et_pb_column_7 et_pb_column et-last-child et_flex_column et_pb_css_mix_blend_mode_passthrough et_flex_column_24_24 et_flex_column_24_24_tablet et_flex_column_24_24_phone\">\n<div class=\"et_pb_text_6 et_pb_text et_pb_bg_layout_light et_pb_module et_flex_module\"><div class=\"et_pb_text_inner\"><p>\u201c\u00a0Je sculpte mes voyages. \u201d<\/p>\n<\/div><\/div>\n<\/div>\n<\/div>\n<div class=\"et_pb_bottom_inside_divider et-no-transition\"><\/div><\/div>\n\n<div class=\"et_pb_section_5 et_pb_section et_section_regular et_flex_section\">\n<div class=\"et_pb_row_5 et_pb_row et_flex_row\">\n<div class=\"et_pb_column_8 et_pb_column et-last-child et_flex_column et_pb_css_mix_blend_mode_passthrough et_flex_column_24_24 et_flex_column_24_24_tablet et_flex_column_24_24_phone\">\n<div class=\"et_pb_text_7 et_pb_text et_pb_bg_layout_light et_pb_module et_flex_module\"><div class=\"et_pb_text_inner\"><h2>Les \u00e9tapes<\/h2>\n<p>Chaque sculpture na\u00eet d\u2019un travail patient, o\u00f9 la mati\u00e8re brute se transforme peu \u00e0 peu en une \u0153uvre expressive et color\u00e9e.<\/p>\n<\/div><\/div>\n<\/div>\n<\/div>\n\n<div class=\"et_pb_row_6 et_pb_row et_flex_row\">\n<div class=\"et_pb_column_9 et_pb_column et_flex_column et_pb_css_mix_blend_mode_passthrough et_flex_column_8_24 et_flex_column_8_24_tablet et_flex_column_24_24_phone\">\n<div class=\"et_pb_image_4 et_pb_image et_animated et_pb_module et_flex_module\"><span class=\"et_pb_image_wrap\"><img loading=\"lazy\" decoding=\"async\" src=\"https:\/\/floscel-aubert-sculptures.fr\/wp-content\/uploads\/2026\/04\/9.png\" title=\"9\" width=\"1000\" height=\"1000\" srcset=\"https:\/\/floscel-aubert-sculptures.fr\/wp-content\/uploads\/2026\/04\/9.png 1000w, https:\/\/floscel-aubert-sculptures.fr\/wp-content\/uploads\/2026\/04\/9-980x980.png 980w, https:\/\/floscel-aubert-sculptures.fr\/wp-content\/uploads\/2026\/04\/9-480x480.png 480w\" sizes=\"(min-width: 0px) and (max-width: 480px) 480px, (min-width: 481px) and (max-width: 980px) 980px, (min-width: 981px) 1000px, 100vw\" class=\"wp-image-545\" \/><\/span><\/div>\n\n<div class=\"et_pb_text_8 et_pb_text et_pb_bg_layout_light et_pb_module et_flex_module\"><div class=\"et_pb_text_inner\"><p>01<\/p>\n<h4>La mati\u00e8re<\/h4>\n<p>Le b\u00e9ton cellulaire est s\u00e9lectionn\u00e9 pour sa l\u00e9g\u00e8ret\u00e9 et sa capacit\u00e9 \u00e0 \u00eatre fa\u00e7onn\u00e9 librement.<br \/>\n\u00c0 partir de ce mat\u00e9riau brut na\u00eet une premi\u00e8re forme, encore imparfaite, mais d\u00e9j\u00e0 porteuse d\u2019intention.<\/p>\n<\/div><\/div>\n<\/div>\n\n<div class=\"et_pb_column_10 et_pb_column et_flex_column et_pb_css_mix_blend_mode_passthrough et_flex_column_8_24 et_flex_column_8_24_tablet et_flex_column_24_24_phone\">\n<div class=\"et_pb_image_5 et_pb_image et_animated et_pb_module et_flex_module\"><span class=\"et_pb_image_wrap\"><img loading=\"lazy\" decoding=\"async\" src=\"https:\/\/floscel-aubert-sculptures.fr\/wp-content\/uploads\/2026\/04\/adr6.png\" title=\"adr(6)\" width=\"1000\" height=\"1000\" srcset=\"https:\/\/floscel-aubert-sculptures.fr\/wp-content\/uploads\/2026\/04\/adr6.png 1000w, https:\/\/floscel-aubert-sculptures.fr\/wp-content\/uploads\/2026\/04\/adr6-980x980.png 980w, https:\/\/floscel-aubert-sculptures.fr\/wp-content\/uploads\/2026\/04\/adr6-480x480.png 480w\" sizes=\"(min-width: 0px) and (max-width: 480px) 480px, (min-width: 481px) and (max-width: 980px) 980px, (min-width: 981px) 1000px, 100vw\" class=\"wp-image-547\" \/><\/span><\/div>\n\n<div class=\"et_pb_text_9 et_pb_text et_pb_bg_layout_light et_pb_module et_flex_module\"><div class=\"et_pb_text_inner\"><p>02<\/p>\n<h4>LA FORME<\/h4>\n<p>La sculpture se dessine progressivement.<br \/>\nLes volumes s\u2019affinent, les lignes apparaissent, et la pi\u00e8ce commence \u00e0 r\u00e9v\u00e9ler son identit\u00e9.<\/p>\n<\/div><\/div>\n<\/div>\n\n<div class=\"et_pb_column_11 et_pb_column et-last-child et_flex_column et_pb_css_mix_blend_mode_passthrough et_flex_column_8_24 et_flex_column_8_24_tablet et_flex_column_24_24_phone\">\n<div class=\"et_pb_image_6 et_pb_image et_animated et_pb_module et_flex_module\"><span class=\"et_pb_image_wrap\"><img loading=\"lazy\" decoding=\"async\" src=\"https:\/\/floscel-aubert-sculptures.fr\/wp-content\/uploads\/2026\/04\/10.png\" title=\"10\" width=\"1000\" height=\"1000\" srcset=\"https:\/\/floscel-aubert-sculptures.fr\/wp-content\/uploads\/2026\/04\/10.png 1000w, https:\/\/floscel-aubert-sculptures.fr\/wp-content\/uploads\/2026\/04\/10-980x980.png 980w, https:\/\/floscel-aubert-sculptures.fr\/wp-content\/uploads\/2026\/04\/10-480x480.png 480w\" sizes=\"(min-width: 0px) and (max-width: 480px) 480px, (min-width: 481px) and (max-width: 980px) 980px, (min-width: 981px) 1000px, 100vw\" class=\"wp-image-549\" \/><\/span><\/div>\n\n<div class=\"et_pb_text_10 et_pb_text et_pb_bg_layout_light et_pb_module et_flex_module\"><div class=\"et_pb_text_inner\"><p>03<\/p>\n<h4>LE D\u00c9TAIL<\/h4>\n<p>Chaque surface est travaill\u00e9e avec pr\u00e9cision.<br \/>\nLes traits, les expressions et les reliefs viennent donner du caract\u00e8re \u00e0 l\u2019\u0153uvre.<\/p>\n<\/div><\/div>\n<\/div>\n<\/div>\n\n<div class=\"et_pb_row_7 et_pb_row et_flex_row\">\n<div class=\"et_pb_column_12 et_pb_column et_flex_column et_pb_css_mix_blend_mode_passthrough et_flex_column_8_24 et_flex_column_8_24_tablet et_flex_column_24_24_phone\">\n<div class=\"et_pb_image_7 et_pb_image et_animated et_pb_module et_flex_module\"><span class=\"et_pb_image_wrap\"><img loading=\"lazy\" decoding=\"async\" src=\"https:\/\/floscel-aubert-sculptures.fr\/wp-content\/uploads\/2026\/04\/7.png\" title=\"7\" width=\"1000\" height=\"1000\" srcset=\"https:\/\/floscel-aubert-sculptures.fr\/wp-content\/uploads\/2026\/04\/7.png 1000w, https:\/\/floscel-aubert-sculptures.fr\/wp-content\/uploads\/2026\/04\/7-980x980.png 980w, https:\/\/floscel-aubert-sculptures.fr\/wp-content\/uploads\/2026\/04\/7-480x480.png 480w\" sizes=\"(min-width: 0px) and (max-width: 480px) 480px, (min-width: 481px) and (max-width: 980px) 980px, (min-width: 981px) 1000px, 100vw\" class=\"wp-image-551\" \/><\/span><\/div>\n\n<div class=\"et_pb_text_11 et_pb_text et_pb_bg_layout_light et_pb_module et_flex_module\"><div class=\"et_pb_text_inner\"><p>04<\/p>\n<h4>LA BASE<\/h4>\n<p>Une premi\u00e8re couche de peinture vient structurer la pi\u00e8ce.<br \/>\nElle pr\u00e9pare le support et d\u00e9finit les zones qui accueilleront les motifs et les couleurs.<\/p>\n<\/div><\/div>\n<\/div>\n\n<div class=\"et_pb_column_13 et_pb_column et_flex_column et_pb_css_mix_blend_mode_passthrough et_flex_column_8_24 et_flex_column_8_24_tablet et_flex_column_24_24_phone\">\n<div class=\"et_pb_image_8 et_pb_image et_animated et_pb_module et_flex_module\"><span class=\"et_pb_image_wrap\"><img loading=\"lazy\" decoding=\"async\" src=\"https:\/\/floscel-aubert-sculptures.fr\/wp-content\/uploads\/2026\/04\/5.png\" title=\"5\" width=\"1000\" height=\"1000\" srcset=\"https:\/\/floscel-aubert-sculptures.fr\/wp-content\/uploads\/2026\/04\/5.png 1000w, https:\/\/floscel-aubert-sculptures.fr\/wp-content\/uploads\/2026\/04\/5-980x980.png 980w, https:\/\/floscel-aubert-sculptures.fr\/wp-content\/uploads\/2026\/04\/5-480x480.png 480w\" sizes=\"(min-width: 0px) and (max-width: 480px) 480px, (min-width: 481px) and (max-width: 980px) 980px, (min-width: 981px) 1000px, 100vw\" class=\"wp-image-553\" \/><\/span><\/div>\n\n<div class=\"et_pb_text_12 et_pb_text et_pb_bg_layout_light et_pb_module et_flex_module\"><div class=\"et_pb_text_inner\"><p>05<\/p>\n<h4>LA MISE EN VALEUR<\/h4>\n<p>Certaines zones sont reprises pour accentuer les formes, souligner les reliefs et guider le regard.<br \/>\nCette \u00e9tape permet d\u2019\u00e9quilibrer la composition avant le travail final de peinture.<\/p>\n<\/div><\/div>\n<\/div>\n\n<div class=\"et_pb_column_14 et_pb_column et-last-child et_flex_column et_pb_css_mix_blend_mode_passthrough et_flex_column_8_24 et_flex_column_8_24_tablet et_flex_column_24_24_phone\">\n<div class=\"et_pb_image_9 et_pb_image et_animated et_pb_module et_flex_module\"><span class=\"et_pb_image_wrap\"><img loading=\"lazy\" decoding=\"async\" src=\"https:\/\/floscel-aubert-sculptures.fr\/wp-content\/uploads\/2026\/04\/6.png\" title=\"6\" width=\"1000\" height=\"1000\" srcset=\"https:\/\/floscel-aubert-sculptures.fr\/wp-content\/uploads\/2026\/04\/6.png 1000w, https:\/\/floscel-aubert-sculptures.fr\/wp-content\/uploads\/2026\/04\/6-980x980.png 980w, https:\/\/floscel-aubert-sculptures.fr\/wp-content\/uploads\/2026\/04\/6-480x480.png 480w\" sizes=\"(min-width: 0px) and (max-width: 480px) 480px, (min-width: 481px) and (max-width: 980px) 980px, (min-width: 981px) 1000px, 100vw\" class=\"wp-image-555\" \/><\/span><\/div>\n\n<div class=\"et_pb_text_13 et_pb_text et_pb_bg_layout_light et_pb_module et_flex_module\"><div class=\"et_pb_text_inner\"><p>06<\/p>\n<h4>LA PEINTURE DES D\u00c9TAILS<\/h4>\n<p>Les motifs, couleurs et finitions sont appliqu\u00e9s \u00e0 la main sur la sculpture.<br \/>\nC\u2019est \u00e0 cette \u00e9tape que l\u2019\u0153uvre prend pleinement vie et r\u00e9v\u00e8le toute sa singularit\u00e9.<\/p>\n<\/div><\/div>\n<\/div>\n<\/div>\n<\/div>","protected":false},"excerpt":{"rendered":"","protected":false},"author":1,"featured_media":0,"parent":0,"menu_order":0,"comment_status":"closed","ping_status":"closed","template":"","meta":{"_acf_changed":false,"footnotes":""},"class_list":["post-314","page","type-page","status-publish","hentry"],"acf":[],"_links":{"self":[{"href":"https:\/\/floscel-aubert-sculptures.fr\/index.php\/wp-json\/wp\/v2\/pages\/314","targetHints":{"allow":["GET"]}}],"collection":[{"href":"https:\/\/floscel-aubert-sculptures.fr\/index.php\/wp-json\/wp\/v2\/pages"}],"about":[{"href":"https:\/\/floscel-aubert-sculptures.fr\/index.php\/wp-json\/wp\/v2\/types\/page"}],"author":[{"embeddable":true,"href":"https:\/\/floscel-aubert-sculptures.fr\/index.php\/wp-json\/wp\/v2\/users\/1"}],"replies":[{"embeddable":true,"href":"https:\/\/floscel-aubert-sculptures.fr\/index.php\/wp-json\/wp\/v2\/comments?post=314"}],"version-history":[{"count":28,"href":"https:\/\/floscel-aubert-sculptures.fr\/index.php\/wp-json\/wp\/v2\/pages\/314\/revisions"}],"predecessor-version":[{"id":777,"href":"https:\/\/floscel-aubert-sculptures.fr\/index.php\/wp-json\/wp\/v2\/pages\/314\/revisions\/777"}],"wp:attachment":[{"href":"https:\/\/floscel-aubert-sculptures.fr\/index.php\/wp-json\/wp\/v2\/media?parent=314"}],"curies":[{"name":"wp","href":"https:\/\/api.w.org\/{rel}","templated":true}]}}